
What are the prime factors of 13295?
5, 2659
What are the prime factors of 10272?
2, 3, 107
What are the prime factors of 20543?
20543
List the prime factors of 1117.
1117
List the prime factors of 7791.
3, 7, 53
What are the prime factors of 2966?
2, 1483
What are the prime factors of 1190?
2, 5, 7, 17
What are the prime factors of 741?
3, 13, 19
What are the prime factors of 1644?
2, 3, 137
What are the prime factors of 152040?
2, 3, 5, 7, 181
What are the prime factors of 980?
2, 5, 7
List the prime factors of 2294.
2, 31, 37
What are the prime factors of 2065?
5, 7, 59
List the prime factors of 140054.
2, 239, 293
List the prime factors of 858.
2, 3, 11, 13
List the prime factors of 117482.
2, 58741
What are the prime factors of 1015?
5, 7, 29
What are the prime factors of 116452?
2, 7, 4159
List the prime factors of 5503.
5503
What are the prime factors of 39690?
2, 3, 5, 7
List the prime factors of 6413.
11, 53
What are the prime factors of 8449?
7, 17, 71
List the prime factors of 238.
2, 7, 17
What are the prime factors of 146358?
2, 3, 47, 173
List the prime factors of 455.
5, 7, 13
What are the prime factors of 705?
3, 5, 47
What are the prime factors of 799?
17, 47
What are the prime factors of 10657?
10657
What are the prime factors of 5074?
2, 43, 59
List the prime factors of 6268.
2, 1567
What are the prime factors of 16523?
13, 31, 41
List the prime factors of 1591.
37, 43
What are the prime factors of 6155?
5, 1231
What are the prime factors of 92534?
2, 13, 3559
What are the prime factors of 1176?
2, 3, 7
What are the prime factors of 6930?
2, 3, 5, 7, 11
What are the prime factors of 37103?
11, 3373
List the prime factors of 146.
2, 73
What are the prime factors of 341?
11, 31
What are the prime factors of 32037?
3, 59, 181
What are the prime factors of 14668?
2, 19, 193
What are the prime factors of 125?
5
What are the prime factors of 75958?
2, 163, 233
What are the prime factors of 32128?
2, 251
What are the prime factors of 3171?
3, 7, 151
What are the prime factors of 800?
2, 5
List the prime factors of 1538.
2, 769
What are the prime factors of 478?
2, 239
What are the prime factors of 67053?
3, 7, 31, 103
What are the prime factors of 901?
17, 53
What are the prime factors of 463?
463
What are the prime factors of 976?
2, 61
What are the prime factors of 4248?
2, 3, 59
List the prime factors of 2950.
2, 5, 59
What are the prime factors of 119?
7, 17
What are the prime factors of 6189?
3, 2063
What are the prime factors of 9545?
5, 23, 83
What are the prime factors of 3468?
2, 3, 17
What are the prime factors of 7437?
3, 37, 67
List the prime factors of 3998.
2, 1999
What are the prime factors of 96823?
96823
List the prime factors of 298.
2, 149
What are the prime factors of 11937?
3, 23, 173
What are the prime factors of 275?
5, 11
List the prime factors of 737.
11, 67
List the prime factors of 2413.
19, 127
List the prime factors of 2551.
2551
List the prime factors of 826.
2, 7, 59
What are the prime factors of 90500?
2, 5, 181
List the prime factors of 6687.
3, 743
List the prime factors of 5634.
2, 3, 313
What are the prime factors of 1147?
31, 37
List the prime factors of 470.
2, 5, 47
List the prime factors of 7416.
2, 3, 103
What are the prime factors of 49257?
3, 13, 421
List the prime factors of 172.
2, 43
What are the prime factors of 434?
2, 7, 31
List the prime factors of 5343.
3, 13, 137
What are the prime factors of 5736?
2, 3, 239
What are the prime factors of 366?
2, 3, 61
List the prime factors of 35766.
2, 3, 1987
List the prime factors of 1232.
2, 7, 11
What are the prime factors of 1789?
1789
What are the prime factors of 5133?
3, 29, 59
What are the prime factors of 8349?
3, 11, 23
What are the prime factors of 42384?
2, 3, 883
List the prime factors of 70717.
70717
What are the prime factors of 9669?
3, 11, 293
What are the prime factors of 136158?
2, 3, 11, 2063
What are the prime factors of 4215?
3, 5, 281
List the prime factors of 2483.
13, 191
List the prime factors of 16206.
2, 3, 37, 73
List the prime factors of 271.
271
List the prime factors of 26993.
26993
List the prime factors of 13659.
3, 29, 157
What are the prime factors of 6181?
7, 883
List the prime factors of 1003.
17, 59
List the prime factors of 13335.
3, 5, 7, 127
What are the prime factors of 11243?
11243
What are the prime factors of 9479?
9479
What are the prime factors of 89662?
2, 127, 353
What are the prime factors of 1313?
13, 101
What are the prime factors of 1791?
3, 199
List the prime factors of 157666.
2, 31, 2543
List the prime factors of 11816.
2, 7, 211
List the prime factors of 3876.
2, 3, 17, 19
List the prime factors of 9044.
2, 7, 17, 19
What are the prime factors of 79?
79
What are the prime factors of 4672?
2, 73
List the prime factors of 979.
11, 89
List the prime factors of 44184.
2, 3, 7, 263
List the prime factors of 2894.
2, 1447
List the prime factors of 10094.
2, 7, 103
List the prime factors of 8622.
2, 3, 479
List the prime factors of 1935.
3, 5, 43
What are the prime factors of 1030?
2, 5, 103
What are the prime factors of 1378?
2, 13, 53
List the prime factors of 8897.
7, 31, 41
List the prime factors of 382.
2, 191
What are the prime factors of 15838?
2, 7919
What are the prime factors of 45222?
2, 3, 7537
List the prime factors of 19115.
5, 3823
List the prime factors of 1667.
1667
List the prime factors of 16057.
16057
List the prime factors of 1083.
3, 19
What are the prime factors of 28600?
2, 5, 11, 13
List the prime factors of 1777.
1777
What are the prime factors of 6189?
3, 2063
What are the prime factors of 56964?
2, 3, 47, 101
List the prime factors of 2541.
3, 7, 11
List the prime factors of 62869.
62869
List the prime factors of 3636.
2, 3, 101
What are the prime factors of 40255?
5, 83, 97
List the prime factors of 47908.
2, 7, 29, 59
List the prime factors of 7181.
43, 167
What are the prime factors of 2389?
2389
List the prime factors of 3295.
5, 659
List the prime factors of 29778.
2, 3, 7, 709
What are the prime factors of 6533?
47, 139
List the prime factors of 69100.
2, 5, 691
What are the prime factors of 1068?
2, 3, 89
What are the prime factors of 3239?
41, 79
List the prime factors of 8561.
7, 1223
What are the prime factors of 23646?
2, 3, 7, 563
List the prime factors of 49.
7
List the prime factors of 278.
2, 139
List the prime factors of 339.
3, 113
What are the prime factors of 1144?
2, 11, 13
List the prime factors of 15228.
2, 3, 47
What are the prime factors of 2261?
7, 17, 19
What are the prime factors of 3686?
2, 19, 97
What are the prime factors of 27070?
2, 5, 2707
List the prime factors of 32621.
32621
What are the prime factors of 188?
2, 47
What are the prime factors of 35758?
2, 19, 941
List the prime factors of 2738.
2, 37
What are the prime factors of 800?
2, 5
List the prime factors of 92.
2, 23
List the prime factors of 56030.
2, 5, 13, 431
List the prime factors of 2520.
2, 3, 5, 7
What are the prime factors of 993?
3, 331
What are the prime factors of 247?
13, 19
What are the prime factors of 21686?
2, 7, 1549
What are the prime factors of 15157?
23, 659
What are the prime factors of 1265?
5, 11, 23
What are the prime factors of 1583?
1583
List the prime factors of 1868.
2, 467
List the prime factors of 1900.
2, 5, 19
What are the prime factors of 55471?
13, 17, 251
What are the prime factors of 35710?
2, 5, 3571
List the prime factors of 7281.
3, 809
List the prime factors of 3113.
11, 283
What are the prime factors of 55090?
2, 5, 7, 787
What are the prime factors of 6750?
2, 3, 5
What are the prime factors of 1587?
3, 23
List the prime factors of 52.
2, 13
What are the prime factors of 3022?
2, 1511
List the prime factors of 1725.
3, 5, 23
List the prime factors of 96725.
5, 53, 73
What are the prime factors of 1063?
1063
What are the prime factors of 1654?
2, 827
What are the prime factors of 625?
5
What are the prime factors of 2995?
5, 599
List the prime factors of 14.
2, 7
List the prime factors of 186484.
2, 23, 2027
List the prime factors of 3584.
2, 7
List the prime factors of 1783.
1783
List the prime factors of 16913.
13, 1301
What are the prime factors of 829?
829
List the prime factors of 7277.
19, 383
List the prime factors of 282